{"id":508,"date":"2024-08-23T20:09:51","date_gmt":"2024-08-24T01:09:51","guid":{"rendered":"https:\/\/jrgtecinpesac.net.pe\/home\/?post_type=product&#038;p=508"},"modified":"2024-08-23T20:11:37","modified_gmt":"2024-08-24T01:11:37","slug":"arduino-uno-con-atmega328p-smd-y-ch340","status":"publish","type":"product","link":"https:\/\/jrgtecinpesac.net.pe\/home\/product\/arduino-uno-con-atmega328p-smd-y-ch340\/","title":{"rendered":"Arduino UNO con ATMEGA328P SMD y CH340"},"content":{"rendered":"<h4>Caracter\u00edsticas de Arduino Uno SMD CH340 gen\u00e9rico<\/h4>\n<ul>\n<li>Basado en el microcontrolador ATMEGA328.<\/li>\n<li>Rango de alimentaci\u00f3n recomendado: 7 a 12 volts.<\/li>\n<li>Rango de alimentaci\u00f3n absoluto: 6 a 20 volts.<\/li>\n<li>14 entradas\/salidas digitales.<\/li>\n<li>6 canales de PWM.<\/li>\n<li>6 entradas anal\u00f3gicas.<\/li>\n<li>Corriente m\u00e1xima de salida en pines de IO: 20 mA.<\/li>\n<li>Corriente de salida en el pin de 3.3 volts: 50 mA.<\/li>\n<li>32 KB de memoria Flash para programas.<\/li>\n<li>2 KB de memoria RAM.<\/li>\n<li>1 KB de EEPROM.<\/li>\n<li>Frecuencia de reloj de 16 Mhz.<\/li>\n<li>Led multiprop\u00f3sito en pin 13.<\/li>\n<\/ul>\n","protected":false},"excerpt":{"rendered":"<p>El microcontrolador empleado es es un ATMEGA328 (el mismo del Arduino original) pero en versi\u00f3n de montaje superficial, lo que ayuda a reducir el costo final del producto. El chip de interfaz USB es un CH340G que es relativamente nuevo en el mercado pero que est\u00e1 destinado a productos que son muy sensibles al costo. Parte del gran precio de esta tarjeta se debe a los circuitos integrados seleccionados y sin embargo, esto no afecta en lo m\u00e1s m\u00ednimo su funcionalidad ni pierde en caracter\u00edsticas contra otras tarjetas originales, clones o compatibles.<\/p>\n","protected":false},"featured_media":498,"comment_status":"open","ping_status":"closed","template":"","meta":{"_et_pb_use_builder":"","_et_pb_old_content":"","_et_gb_content_width":""},"product_cat":[27],"product_tag":[],"class_list":{"0":"post-508","1":"product","2":"type-product","3":"status-publish","4":"has-post-thumbnail","6":"product_cat-arduino","8":"first","9":"instock","10":"taxable","11":"shipping-taxable","12":"purchasable","13":"product-type-simple"},"_links":{"self":[{"href":"https:\/\/jrgtecinpesac.net.pe\/home\/wp-json\/wp\/v2\/product\/508","targetHints":{"allow":["GET"]}}],"collection":[{"href":"https:\/\/jrgtecinpesac.net.pe\/home\/wp-json\/wp\/v2\/product"}],"about":[{"href":"https:\/\/jrgtecinpesac.net.pe\/home\/wp-json\/wp\/v2\/types\/product"}],"replies":[{"embeddable":true,"href":"https:\/\/jrgtecinpesac.net.pe\/home\/wp-json\/wp\/v2\/comments?post=508"}],"wp:featuredmedia":[{"embeddable":true,"href":"https:\/\/jrgtecinpesac.net.pe\/home\/wp-json\/wp\/v2\/media\/498"}],"wp:attachment":[{"href":"https:\/\/jrgtecinpesac.net.pe\/home\/wp-json\/wp\/v2\/media?parent=508"}],"wp:term":[{"taxonomy":"product_cat","embeddable":true,"href":"https:\/\/jrgtecinpesac.net.pe\/home\/wp-json\/wp\/v2\/product_cat?post=508"},{"taxonomy":"product_tag","embeddable":true,"href":"https:\/\/jrgtecinpesac.net.pe\/home\/wp-json\/wp\/v2\/product_tag?post=508"}],"curies":[{"name":"wp","href":"https:\/\/api.w.org\/{rel}","templated":true}]}}